te the remainder when 10573496 is divided by 19.
15
Calculate the remainder when 1216338 is divided by 32007.
72
Calculate the remainder when 33163196 is divided by 60.
56
Calculate the remainder when 3603044 is divided by 450378.
20
What is the remainder when 227930777 is divided by 14?
11
What is the remainder when 317327 is divided by 31?
11
Calculate the remainder when 19029941 is divided by 156.
125
Calculate the remainder when 164109 is divided by 10825.
1734
Calculate the remainder when 41476752 is divided by 15.
12
What is the remainder when 9502942 is divided by 18855?
22
Calculate the remainder when 7335474 is divided by 76411.
18
Calculate the remainder when 662453 is divided by 5628.
3977
What is the remainder when 142191748 is divided by 44?
28
What is the remainder when 220132 is divided by 2030?
892
Calculate the remainder when 12070 is divided by 11819.
251
What is the remainder when 392191 is divided by 787?
265
Calculate the remainder when 751506 is divided by 2464.
2450
What is the remainder when 3152072 is divided by 1050690?
2
Calculate the remainder when 12744176 is divided by 2804.
2800
What is the remainder when 396664 is divided by 2750?
664
Calculate the remainder when 57189641 is divided by 28594806.
29
What is the remainder when 575187 is divided by 575145?
42
Calculate the remainder when 64409228 is divided by 48.
44
Calculate the remainder when 837264 is divided by 464.
208
What is the remainder when 13116638 is divided by 160?
158
Calculate the remainder when 207676 is divided by 67427.
5395
What is the remainder when 70694092 is divided by 23564674?
70
Calculate the remainder when 464354 is divided by 736.
674
What is the remainder when 29658818 is divided by 5342?
34
What is the remainder when 7082782 is divided by 7082769?
13
What is the remainder when 287946 is divided by 20548?
274
Calculate the remainder when 639016 is divided by 58052.
444
What is the remainder when 131703 is divided by 7422?
5529
Calculate the remainder when 69578 is divided by 19.
0
Calculate the remainder when 109815 is divided by 209.
90
Calculate the remainder when 143146 is divided by 2756.
2590
What is the remainder when 1093804 is divided by 101?
75
Calculate the remainder when 3414138 is divided by 189.
42
What is the remainder when 7196359 is divided by 266?
261
What is the remainder when 44945 is divided by 8826?
815
Calculate the remainder when 143174 is divided by 3865.
169
Calculate the remainder when 2886955 is divided by 3081.
58
What is the remainder when 6668 is divided by 1743?
1439
What is the remainder when 42754773 is divided by 7?
5
What is the remainder when 28708076 is divided by 14354035?
6
Calculate the remainder when 1417451 is divided by 1417448.
3
Calculate the remainder when 24277230 is divided by 107.
0
Calculate the remainder when 22859 is divided by 1654.
1357
What is the remainder when 7408788 is divided by 350?
338
What is the remainder when 70987 is divided by 267?
232
Calculate the remainder when 2847 is divided by 1784.
1063
What is the remainder when 87308 is divided by 40518?
6272
Calculate the remainder when 84372415 is divided by 12.
7
Calculate the remainder when 17394122 is divided by 5798030.
32
What is the remainder when 4809609 is divided by 192384?
9
Calculate the remainder when 363280 is divided by 1924.
1568
Calculate the remainder when 1027640 is divided by 144.
56
What is the remainder when 12262290 is divided by 470?
460
What is the remainder when 1272852 is divided by 404?
252
What is the remainder when 4566893 is divided by 6239?
6184
What is the remainder when 118690875 is divided by 2637575?
0
Calculate the remainder when 832188 is divided by 2409.
1083
What is the remainder when 151351 is divided by 2515?
451
Calculate the remainder when 53674565 is divided by 17891519.
8
What is the remainder when 148856 is divided by 260?
136
What is the remainder when 131903 is divided by 10046?
1305
What is the remainder when 68548 is divided by 11424?
4
What is the remainder when 87294 is divided by 1731?
744
What is the remainder when 11325302 is divided by 5662646?
10
What is the remainder when 590656 is divided by 49219?
28
What is the remainder when 8429972 is divided by 280999?
2
What is the remainder when 1986996 is divided by 243?
228
Calculate the remainder when 9449 is divided by 9050.
399
Calculate the remainder when 5071554 is divided by 312.
306
Calculate the remainder when 25902 is divided by 389.
228
What is the remainder when 333800 is divided by 40?
0
What is the remainder when 243221507 is divided by 17?
8
Calculate the remainder when 1132673 is divided by 1043.
1018
Calculate the remainder when 24573714 is divided by 423684.
42
What is the remainder when 89030202 is divided by 9892244?
6
What is the remainder when 36445718 is divided by 20?
18
Calculate the remainder when 1882950 is divided by 268992.
6
What is the remainder when 9824 is divided by 2116?
1360
What is the remainder when 3750960 is divided by 5?
0
What is the remainder when 323573 is divided by 407?
8
Calculate the remainder when 6616296 is divided by 1092.
960
What is the remainder when 488393 is divided by 69754?
115
Calculate the remainder when 353352 is divided by 116815.
2907
What is the remainder when 937737406 is divided by 1088?
1086
What is the remainder when 145009 is divided by 48333?
10
What is the remainder when 6155163 is divided by 23?
18
Calculate the remainder when 4696844 is divided by 185.
64
What is the remainder when 29502 is divided by 29500?
2
What is the remainder when 512665 is divided by 128119?
189
What is the remainder when 7888125 is divided by 175?
0
Calculate the remainder when 22090719 is divided by 2020.
2019
What is the remainder when 1496237 is divided by 37?
31
What is the remainder when 5068362 is divided by 266?
264
Calculate the remainder when 10909615 is divided by 5454801.
13
What is the remainder when 4759 is divided by 21?
13
Calculate the remainder when 184048 is divided by 61349.
1
Calculate the remainder when 56172 is divided by 11229.
27
What is the remainder when 581753 is divided by 7456?
185
Calculate the remainder when 326424 is divided by 326414.
10
Calculate the remainder when 349344 is divided by 49905.
9
Calculate the remainder when 46910 is divided by 11511.
866
What is the remainder when 30217 is divided by 1853?
569
What is the remainder when 16436 is divided by 2736?
20
Calculate the remainder when 566744 is divided by 359.
242
Calculate the remainder when 1573738 is divided by 250.
238
Calculate the remainder when 4534607 is divided by 249.
68
What is the remainder when 320230 is divided by 12807?
55
What is the remainder when 1493456 is divided by 248887?
134
Calculate the remainder when 164913 is divided by 9160.
33
What is the remainder when 550618 is divided by 105?
103
Calculate the remainder when 2541890 is divided by 231079.
21
Calculate the remainder when 72104579 is divided by 2363.
2360
What is the remainder when 9650346 is divided by 40378?
4
What is the remainder when 105691 is divided by 1456?
859
Calculate the remainder when 952996 is divided by 1933.
27
What is the remainder when 24178718 is divided by 184?
14
What is the remainder when 6767 is divided by 695?
512
What is the remainder when 41106968 is divided by 14792?
0
What is the remainder when 392543 is divided by 93?
83
What is the remainder when 1088094 is divided by 186?
180
Calculate the remainder when 19881474 is divided by 414.
366
Calculate the remainder when 228025 is divided by 2193.
2146
Calculate the remainder when 211180 is divided by 14785.
4190
Calculate the remainder when 1061422 is divided by 17690.
22
Calculate the remainder when 26816230 is divided by 1769.
1728
Calculate the remainder when 878333 is divided by 62656.
1149
What is the remainder when 25731962 is divided by 32?
26
Calculate the remainder when 45590270 is divided by 1753.
1752
What is the remainder when 1875204 is divided by 3319?
3288
Calculate the remainder when 88534874 is divided by 275.
274
Calculate the remainder when 1001060 is divided by 4036.
132
What is the remainder when 1796295 is divided by 36659?
4
Calculate the remainder when 1247443 is divided by 3150.
43
Calculate the remainder w